[INFO] cloning repository https://github.com/dmix/news_junkie
[INFO] running `Command { std: "git" "-c" "credential.helper=" "-c" "credential.helper=/workspace/cargo-home/bin/git-credential-null" "clone" "--bare" "https://github.com/dmix/news_junkie" "/workspace/cache/git-repos/https%3A%2F%2Fgithub.com%2Fdmix%2Fnews_junkie", kill_on_drop: false }`
[INFO] [stderr] Cloning into bare repository '/workspace/cache/git-repos/https%3A%2F%2Fgithub.com%2Fdmix%2Fnews_junkie'...
[INFO] running `Command { std: "git" "rev-parse" "HEAD", kill_on_drop: false }`
[INFO] [stdout] b8ed20a077a1fc1d16f551fe4611a0e44720cae4
[INFO] building dmix/news_junkie against master#ff34b919075f35a1787659e9c448a34b06bab8de for issue-85264
[INFO] running `Command { std: "git" "clone" "/workspace/cache/git-repos/https%3A%2F%2Fgithub.com%2Fdmix%2Fnews_junkie" "/workspace/builds/worker-1/source", kill_on_drop: false }`
[INFO] [stderr] Cloning into '/workspace/builds/worker-1/source'...
[INFO] [stderr] done.
[INFO] validating manifest of git repo https://github.com/dmix/news_junkie on toolchain ff34b919075f35a1787659e9c448a34b06bab8de
[INFO] running `Command { std: "/workspace/cargo-home/bin/cargo" "+ff34b919075f35a1787659e9c448a34b06bab8de" "metadata" "--manifest-path" "Cargo.toml" "--no-deps", kill_on_drop: false }`
[INFO] started tweaking git repo https://github.com/dmix/news_junkie
[INFO] finished tweaking git repo https://github.com/dmix/news_junkie
[INFO] tweaked toml for git repo https://github.com/dmix/news_junkie written to /workspace/builds/worker-1/source/Cargo.toml
[INFO] crate git repo https://github.com/dmix/news_junkie already has a lockfile, it will not be regenerated
[INFO] running `Command { std: "/workspace/cargo-home/bin/cargo" "+ff34b919075f35a1787659e9c448a34b06bab8de" "fetch" "--manifest-path" "Cargo.toml", kill_on_drop: false }`
[INFO] running `Command { std: "docker" "create" "-v" "/var/lib/crater-agent-workspace/builds/worker-1/target:/opt/rustwide/target:rw,Z" "-v" "/var/lib/crater-agent-workspace/builds/worker-1/source:/opt/rustwide/workdir:ro,Z" "-v" "/var/lib/crater-agent-workspace/cargo-home:/opt/rustwide/cargo-home:ro,Z" "-v" "/var/lib/crater-agent-workspace/rustup-home:/opt/rustwide/rustup-home:ro,Z" "-e" "SOURCE_DIR=/opt/rustwide/workdir" "-e" "CARGO_TARGET_DIR=/opt/rustwide/target" "-e" "CARGO_HOME=/opt/rustwide/cargo-home" "-e" "RUSTUP_HOME=/opt/rustwide/rustup-home" "-w" "/opt/rustwide/workdir" "-m" "1610612736" "--user" "0:0" "--network" "none" "ghcr.io/rust-lang/crates-build-env/linux@sha256:20528e8c29e4536546f0102ce88568b16ea7538393a33fcca951030f7af10457" "/opt/rustwide/cargo-home/bin/cargo" "+ff34b919075f35a1787659e9c448a34b06bab8de" "metadata" "--no-deps" "--format-version=1", kill_on_drop: false }`
[INFO] [stderr] WARNING: Your kernel does not support swap limit capabilities or the cgroup is not mounted. Memory limited without swap.
[INFO] [stdout] 420a01bdfd49dbe4e797a63051b7f6faea9ec3c9f8d9f898260f48a0e5f06bdd
[INFO] running `Command { std: "docker" "start" "-a" "420a01bdfd49dbe4e797a63051b7f6faea9ec3c9f8d9f898260f48a0e5f06bdd", kill_on_drop: false }`
[INFO] running `Command { std: "docker" "inspect" "420a01bdfd49dbe4e797a63051b7f6faea9ec3c9f8d9f898260f48a0e5f06bdd", kill_on_drop: false }`
[INFO] running `Command { std: "docker" "rm" "-f" "420a01bdfd49dbe4e797a63051b7f6faea9ec3c9f8d9f898260f48a0e5f06bdd", kill_on_drop: false }`
[INFO] [stdout] 420a01bdfd49dbe4e797a63051b7f6faea9ec3c9f8d9f898260f48a0e5f06bdd
[INFO] running `Command { std: "docker" "create" "-v" "/var/lib/crater-agent-workspace/builds/worker-1/target:/opt/rustwide/target:rw,Z" "-v" "/var/lib/crater-agent-workspace/builds/worker-1/source:/opt/rustwide/workdir:ro,Z" "-v" "/var/lib/crater-agent-workspace/cargo-home:/opt/rustwide/cargo-home:ro,Z" "-v" "/var/lib/crater-agent-workspace/rustup-home:/opt/rustwide/rustup-home:ro,Z" "-e" "SOURCE_DIR=/opt/rustwide/workdir" "-e" "CARGO_TARGET_DIR=/opt/rustwide/target" "-e" "CARGO_INCREMENTAL=0" "-e" "RUST_BACKTRACE=full" "-e" "RUSTFLAGS=--cap-lints=forbid" "-e" "CARGO_HOME=/opt/rustwide/cargo-home" "-e" "RUSTUP_HOME=/opt/rustwide/rustup-home" "-w" "/opt/rustwide/workdir" "-m" "1610612736" "--user" "0:0" "--network" "none" "ghcr.io/rust-lang/crates-build-env/linux@sha256:20528e8c29e4536546f0102ce88568b16ea7538393a33fcca951030f7af10457" "/opt/rustwide/cargo-home/bin/cargo" "+ff34b919075f35a1787659e9c448a34b06bab8de" "build" "--frozen" "--message-format=json", kill_on_drop: false }`
[INFO] [stdout] 12e9cd1796b21bee48d23fc190bfb906087b701943f8be06f80553a6243cb8c1
[INFO] [stderr] WARNING: Your kernel does not support swap limit capabilities or the cgroup is not mounted. Memory limited without swap.
[INFO] running `Command { std: "docker" "start" "-a" "12e9cd1796b21bee48d23fc190bfb906087b701943f8be06f80553a6243cb8c1", kill_on_drop: false }`
[INFO] [stderr]    Compiling news_junkie v0.0.1 (/opt/rustwide/workdir)
[INFO] [stdout] error: invalid suffix `u` for number literal
[INFO] [stdout]   --> src/main.rs:50:20
[INFO] [stdout]    |
[INFO] [stdout] 50 |     for i in range(0u, hosts.len()) {
[INFO] [stdout]    |                    ^^ invalid suffix `u`
[INFO] [stdout]    |
[INFO] [stdout]    = help: the suffix must be one of the numeric types (`u32`, `isize`, `f32`, etc.)
[INFO] [stdout] 
[INFO] [stdout] 
[INFO] [stdout] error[E0432]: unresolved import `std::io::BufferedReader`
[INFO] [stdout]   --> src/main.rs:10:5
[INFO] [stdout]    |
[INFO] [stdout] 10 | use std::io::BufferedReader;
[INFO] [stdout]    |     ^^^^^^^^^^^^^^^^^^^^^^^ no `BufferedReader` in `io`
[INFO] [stdout] 
[INFO] [stdout] 
[INFO] [stdout] error[E0432]: unresolved import `std::io::File`
[INFO] [stdout]   --> src/main.rs:11:5
[INFO] [stdout]    |
[INFO] [stdout] 11 | use std::io::File;
[INFO] [stdout]    |     ^^^^^^^^^^^^^ no `File` in `io`
[INFO] [stdout] 
[INFO] [stdout] 
[INFO] [stdout] error[E0412]: cannot find type `uint` in this scope
[INFO] [stdout]   --> src/main.rs:19:24
[INFO] [stdout]    |
[INFO] [stdout] 19 |     let blacklist: Vec<uint> = parse_blacklist(hosts);
[INFO] [stdout]    |                        ^^^^ not found in this scope
[INFO] [stdout] 
[INFO] [stdout] 
[INFO] [stdout] error[E0412]: cannot find type `uint` in this scope
[INFO] [stdout]   --> src/main.rs:25:36
[INFO] [stdout]    |
[INFO] [stdout] 23 | fn update_blacklist(hosts: Vec<String>, 
[INFO] [stdout]    |                    - help: you might be missing a type parameter: `<uint>`
[INFO] [stdout] 24 |                     conf: Vec<String>, 
[INFO] [stdout] 25 |                     blacklist: Vec<uint>) {
[INFO] [stdout]    |                                    ^^^^ not found in this scope
[INFO] [stdout] 
[INFO] [stdout] 
[INFO] [stdout] error[E0433]: failed to resolve: use of undeclared type `Path`
[INFO] [stdout]   --> src/main.rs:33:16
[INFO] [stdout]    |
[INFO] [stdout] 33 |     let path = Path::new(CONF_PATH);
[INFO] [stdout]    |                ^^^^ not found in this scope
[INFO] [stdout]    |
[INFO] [stdout] help: consider importing this struct
[INFO] [stdout]    |
[INFO] [stdout] 10 | use std::path::Path;
[INFO] [stdout]    |
[INFO] [stdout] 
[INFO] [stdout] 
[INFO] [stdout] error[E0433]: failed to resolve: use of undeclared type `Path`
[INFO] [stdout]   --> src/main.rs:40:16
[INFO] [stdout]    |
[INFO] [stdout] 40 |     let path = Path::new(HOSTS_PATH);
[INFO] [stdout]    |                ^^^^ not found in this scope
[INFO] [stdout]    |
[INFO] [stdout] help: consider importing this struct
[INFO] [stdout]    |
[INFO] [stdout] 10 | use std::path::Path;
[INFO] [stdout]    |
[INFO] [stdout] 
[INFO] [stdout] 
[INFO] [stdout] error[E0412]: cannot find type `uint` in this scope
[INFO] [stdout]   --> src/main.rs:46:47
[INFO] [stdout]    |
[INFO] [stdout] 46 | fn parse_blacklist(hosts: Vec<String>) -> Vec<uint> {
[INFO] [stdout]    |                   -                           ^^^^ not found in this scope
[INFO] [stdout]    |                   |
[INFO] [stdout]    |                   help: you might be missing a type parameter: `<uint>`
[INFO] [stdout] 
[INFO] [stdout] 
[INFO] [stdout] error[E0425]: cannot find function `range` in this scope
[INFO] [stdout]   --> src/main.rs:50:14
[INFO] [stdout]    |
[INFO] [stdout] 50 |     for i in range(0u, hosts.len()) {
[INFO] [stdout]    |              ^^^^^ not found in this scope
[INFO] [stdout]    |
[INFO] [stdout] help: consider importing this function
[INFO] [stdout]    |
[INFO] [stdout] 10 | use std::slice::range;
[INFO] [stdout]    |
[INFO] [stdout] 
[INFO] [stdout] 
[INFO] [stdout] error[E0277]: `Vec<String>` doesn't implement `std::fmt::Display`
[INFO] [stdout]   --> src/main.rs:27:20
[INFO] [stdout]    |
[INFO] [stdout] 27 |     println!("{}", hosts);
[INFO] [stdout]    |                    ^^^^^ `Vec<String>` cannot be formatted with the default formatter
[INFO] [stdout]    |
[INFO] [stdout]    = help: the trait `std::fmt::Display` is not implemented for `Vec<String>`
[INFO] [stdout]    = note: in format strings you may be able to use `{:?}` (or {:#?} for pretty-print) instead
[INFO] [stdout]    = note: required by `std::fmt::Display::fmt`
[INFO] [stdout]    = note: this error originates in a macro (in Nightly builds, run with -Z macro-backtrace for more info)
[INFO] [stdout] 
[INFO] [stdout] 
[INFO] [stdout] error[E0277]: `Vec<String>` doesn't implement `std::fmt::Display`
[INFO] [stdout]   --> src/main.rs:28:20
[INFO] [stdout]    |
[INFO] [stdout] 28 |     println!("{}", conf);
[INFO] [stdout]    |                    ^^^^ `Vec<String>` cannot be formatted with the default formatter
[INFO] [stdout]    |
[INFO] [stdout]    = help: the trait `std::fmt::Display` is not implemented for `Vec<String>`
[INFO] [stdout]    = note: in format strings you may be able to use `{:?}` (or {:#?} for pretty-print) instead
[INFO] [stdout]    = note: required by `std::fmt::Display::fmt`
[INFO] [stdout]    = note: this error originates in a macro (in Nightly builds, run with -Z macro-backtrace for more info)
[INFO] [stdout] 
[INFO] [stdout] 
[INFO] [stdout] error: aborting due to 11 previous errors
[INFO] [stdout] 
[INFO] [stdout] 
[INFO] [stdout] Some errors have detailed explanations: E0277, E0412, E0425, E0432, E0433.
[INFO] [stdout] 
[INFO] [stdout] For more information about an error, try `rustc --explain E0277`.
[INFO] [stdout] 
[INFO] [stderr] error: could not compile `news_junkie`
[INFO] [stderr] 
[INFO] [stderr] To learn more, run the command again with --verbose.
[INFO] running `Command { std: "docker" "inspect" "12e9cd1796b21bee48d23fc190bfb906087b701943f8be06f80553a6243cb8c1", kill_on_drop: false }`
[INFO] running `Command { std: "docker" "rm" "-f" "12e9cd1796b21bee48d23fc190bfb906087b701943f8be06f80553a6243cb8c1", kill_on_drop: false }`
[INFO] [stdout] 12e9cd1796b21bee48d23fc190bfb906087b701943f8be06f80553a6243cb8c1
